y - y + y. Let l(p) = 3*p + 1. Let f = -6 - -13. Let r(i) = f*l(i) + 2*q(i). Determine r(-2).
1
Let b(c) = 23355*c**2 - 7 - 23354*c**2 - c + 7*c. Calculate b(3).
20
Let u(k) = -k**2 - 6*k - 2. Let d = -26 - -16. Let g = d + 10. Let y be -4 - (-4 - (g - 4)). Calculate u(y).
6
Let u(a) = -a**2 - 5*a**3 - 2*a + a + 4*a**3. Let y(m) = 4*m**3 + 4*m**2 + 5*m + 5. Let t be (-5)/(((-24)/6)/4). Let w(p) = t*u(p) + y(p). Calculate w(0).
5
Let q(m) = 4*m**3 - 1 + 5 + m - 3*m**3 - 2*m**2 - 2. Let p be q(2). Suppose 0 = -p*b - 1 + 17. Let d(w) = w**3 - 3*w**2 - 2*w + 1. Determine d(b).
9
Let y(c) = c**3 + 3*c**2 + 3*c + 4. Let k = -11 - -19. Suppose 10*d = -d + 198. Let o be k/36 - 58/d. Determine y(o).
-5
Let w = 8 + -2. Let a be 3*w/9 - 2. Suppose -4*z + f = -a*f + 15, 0 = 2*z - 4*f - 10. Let g(j) = -j - 2. Calculate g(z).
3
Let j(y) = 3*y + 4. Suppose -6 + 15 = -3*h. Let a be j(h). Let w(g) = g - 1. Determine w(a).
-6
Let j = -19 - -24. Suppose -1 = 2*x + x + 2*f, -j*x - 3*f = 1. Let r(b) = 11 - 3 + 6*b + 4*b**2 - 3*b**2 - x. Calculate r(-5).
2
Let y(w) be the second derivative of w**3/6 + 3*w**2/2 - w. Let o = 48 + -57. Let c be y(o). Let i(n) = n + 3. Calculate i(c).
-3
Let c(f) = -3*f**2 - 22*f - 8. Let s be c(-7). Let o(g) = -5 - 6*g + 5. Let k(m) = m. Let v(z) = 5*k(z) + o(z). What is v(s)?
1
Let b(o) = 7*o**2 + 2*o - 4. Let f be b(2). Suppose -42 = -14*t + f. Let l(z) = z**2 - 7*z + 6. What is l(t)?
-4
Suppose 0 = -5*m - 0*m. Suppose m*u + 9 = 3*u. Let k(w) = -w**3 + 2 + 0*w**u + 0*w - 5*w**2 + 7*w. What is k(-6)?
-4
Let x(w) = w**3 - 3*w**2 - 3*w - 1. Suppose 8*m = 3*m + 60. Let f be 20/(-6) + m/(-18). Let l = -1 - f. Calculate x(l).
-10
Let t(z) = 3*z**3 - 2*z**2 - 5*z - 6. Let y(l) = 4*l**3 - l**2 - 5*l - 7. Let n(j) = 5*t(j) - 4*y(j). Give n(-4).
-14
Let y(l) = -l**2 - 9*l - 1. Let x = -40 + 34. Let b be x*(1 - (-3 - -3)). Give y(b).
17
Let k(c) be the second derivative of c**5/20 - c**4/4 - 2*c**3/3 + 5*c**2/2 + 4*c + 50. What is k(4)?
5
Suppose 2*j = 5*c + 52, 3*j - 2*c + 0*c - 78 = 0. Let b = j + -25. Let d(w) = -6*w. What is d(b)?
-6
Let t(j) = 70*j**2 - 62*j**2 + 5*j + 1 - 1 + j**3. Calculate t(-8).
-40
Let h(g) = g**3 + 2*g**2 - 3*g + 3. Suppose 520 = 3*s + 529. Give h(s).
3
Let s be 1595/495 - (-2)/(-9). Let c(o) be the second derivative of 4*o - 1/20*o**5 + 0 + 3*o**2 - 1/6*o**s + 0*o**4. Determine c(0).
6
Let t(w) = 2*w**2 + 2*w - 3. Suppose 139 = 6*x + 127. Calculate t(x).
9
Let t(j) = -19*j + 7. Let w be t(3). Let c = w + 54. Let g(l) = l**3 - 3*l**2 - 2*l + 5. Calculate g(c).
13
Let n(u) = -5*u**3 - 2*u**2 + 5*u + 7. Let m(i) = -2*i**3 - i**2 + 2*i + 3. Let o(w) = -7*m(w) + 3*n(w). Give o(2).
-2
Let k(b) be the third derivative of b**6/360 + 3*b**5/40 + b**4/3 - b**3/3 - 14*b**2. Let a(u) be the first derivative of k(u). Give a(-7).
-6
Let w be (-4)/18 + 40/18. Let c(f) be the third derivative of 0 - 1/24*f**4 - 17*f**2 + 0*f - 1/60*f**5 + 1/3*f**3 + 1/120*f**6. Determine c(w).
4
Let g be ((-1)/(-4) - 0)*20. Let f(c) = -c**3 + c**2 - c + 1. Let q(s) = -s**3 + s**2 - s + 2. Let l(p) = g*f(p) - 4*q(p). Give l(0).
-3
Let d(t) = t**3 + 13*t**2 - 2*t - 18. Suppose -15*u + 7 = -z - 18*u, -2*z - u - 24 = 0. Determine d(z).
8
Let l = -56 + 55. Let s be (-5)/1 + 5 + l. Let f(p) = -18*p**3 + p**2 + p. Determine f(s).
18
Let g(t) = 4*t**2 + 4 - t**3 + 1644*t - 1644*t. Suppose 5*c - y - 4 - 13 = 0, -3*c = -5*y + 3. Calculate g(c).
4
Let m(j) = 3*j + j**3 - 5*j + 2*j**2 - j**2 - 3*j**2. Let h = 200 - 202. Give m(h).
-12
Let o(z) = -2*z**3 + 2*z**2 + z - 4. Let w be -11 + (-1 - (-84)/6). Determine o(w).
-10
Let a = -73 + 78. Suppose a*o = -11 - 9. Let m(b) = 5*b + 6. What is m(o)?
-14
Let o(v) = -7*v**3 - 14*v**2 - 8*v + 11. Let r(g) = -9*g**3 - 16*g**2 - 10*g + 13. Let z(y) = 4*o(y) - 3*r(y). Calculate z(-4).
-51
Let j(r) = 5*r**2 - 2*r + 1. Suppose 4*z = -4*x + 5*x, 0 = 2*x - 8. Suppose -b = -z + 3. Let m be (8/(-32))/(b/8). What is j(m)?
4
Let o(c) = 2*c - 18. Let d be o(4). Let x be d/(-25)*(14 - -1). Let k(a) = -a**3 + 6*a**2 - 3*a + 6. Give k(x).
-12
Let v(z) = 9*z**2 - z - 2. Let m be v(2). Let c = 38 - m. Let b(l) = 2*l - 9. What is b(c)?
3
Let x be 6/(7 + -2 + -7). Let j(s) = -7*s**2 - 19*s - 1. Give j(x).
-7
Let k(d) = -12*d**2 - d. Let r be 44/3 + (-4)/(-12). Suppose 2*i + 4 = 0, i = 3*h - 2*i - r. Suppose -2*f - f = h*y + 12, -3*f - 11 = 2*y. Determine k(y).
-11
Let n(c) = -54*c**3 - 5*c**2 - 6*c + 6. Let s(g) = -53*g**3 - 4*g**2 - 5*g + 5. Let t(i) = 5*n(i) - 6*s(i). What is t(1)?
47
Let f(q) = 2*q - 49. Let t be f(23). Let o(c) = -c**2 - 6*c - 4. Calculate o(t).
5
Let q = 51 - 58. Let x(o) = 6*o**2 - 11*o - 3. Let d(f) = 5*f**2 - 10*f - 2. Let k(m) = q*d(m) + 6*x(m). Let z be -1 + -1 + 3/(-1). Calculate k(z).
1
Suppose 2*m + 9*t - 22 = 5*t, 2*m = 2*t - 8. Let q(s) = 15*s + 13*s - 9 - m - 27*s. What is q(10)?
0
Suppose 5*m = 0, -7 - 3 = 2*y - 2*m. Let z(r) = r**3 + 10*r**2 - 6*r - 2. Let c(d) = d**3 + 11*d**2 - 6*d - 2. Let g(v) = 6*c(v) - 7*z(v). What is g(y)?
-3
Let j be (-69)/(-12) + 6/(-8). Suppose -t - t = -3*c + 25, -j*c + 4*t + 45 = 0. Let y(m) = c*m**2 - 2*m + 2*m + 8 - 4*m**2. Give y(0).
8
Let s(a) = -6*a**2 + 1. Let y(i) be the third derivative of -i**4/12 - 9*i**3/2 - 18*i**2. Let n be y(-14). Give s(n).
-5
Let u(f) be the first derivative of 3*f**2/2 + 2*f - 66. Determine u(-2).
-4
Let k(y) = 9*y. Let a = 925 - 927. Calculate k(a).
-18
Let f(n) = n**2 - 3. Let z be (8/1)/(-16)*-4. Determine f(z).
1
Suppose 3*h = 13 - 1. Let d(g) be the third derivative of -11/60*g**5 + 0*g**3 + 1/24*g**h + 0 + 2*g**2 + 0*g. What is d(-1)?
-12
Let x(c) be the third derivative of c**6/360 + c**5/30 - c**4/3 + 32*c**2. Let v(k) be the second derivative of x(k). Determine v(-3).
-2
Let c(a) = 2837*a**2 + 2830*a**2 - 7*a + 10 - 5666*a**2. Determine c(4).
-2
Let y be (-1*(-1)/2)/((-4)/8). Let o(r) = 6*r + 1. Determine o(y).
-5
Let a(w) = -w**2 + 5*w + 8. Let m(k) be the third derivative of -5*k**4/24 - 49*k**3/6 - 41*k**2. Let y be m(-11). Give a(y).
2
Let c(g) = -g**3 - 4*g**2 + 3. Let v(q) = q**3 - 7*q**2 - 9*q + 4. Let o(p) = -2*p - 4. Let w be o(-6). Let x be v(w). Give c(x).
3
Let p = 25 + -23. Let x(z) be the third derivative of 1/120*z**6 + 3*z**p + 0*z - 7/6*z**3 + 1/4*z**4 + 0 + 7/60*z**5. Give x(-6).
-7
Let h(y) = y + 19. Suppose -39 = 9*d + 132. What is h(d)?
0
Let q(x) = 6*x + 1. Let t(u) be the second derivative of -7*u**3/6 + 10*u. Let v(d) = -4*q(d) - 3*t(d). What is v(-3)?
5
Let s(i) = 2*i + 1. Let o = 6 - 30. Let c be 1/(-3) - 8/o. Suppose -v - 3 = -c*v. Give s(v).
-5
Let u(x) = x**3 - 2*x**2 + 2*x + 1. Suppose 4*a = -3*b + 15 + 5, -b = 2*a - 10. Suppose 5*h - 10 = -b. Determine u(h).
5
Let v(i) = 1. Let t(j) = -3*j - 2. Let l(n) = t(n) - 4*v(n). Let f = -32 + 28. Give l(f).
6
Let a be (0 - -2) + -1 + 1. Let g be 80 + -4 - -2 - 4. Let h(v) = -v**3 - 2*v - g*v**2 + 75*v**2 + 4 - 3. What is h(a)?
-7
Let n(p) = -2*p**2 + 149*p - 79*p + p**2 - 4 - 76*p. Suppose 0 = 3*s + 2*s + 30. Determine n(s).
-4
Suppose 0 = -17*j + 14*j + 5*p - 19, p = j + 7. Let h(u) = -2*u**2 + 10*u + 0 - u**3 - 7 - 2*u - 5*u**2. Calculate h(j).
-7
Suppose 0 = 146*d - 151*d. Let m(w) be the second derivative of d - 3*w + 1/6*w**4 + 1/2*w**3 + 3/2*w**2. What is m(-2)?
5
Suppose 151*k = 156*k - 15. Let t(j) = -j**2 + 2*j - 5. Calculate t(k).
-8
Let z be 0/((-5)/2*(-108)/(-135)). Let w(b) be the third derivative of 1/12*b**4 - 1/60*b**5 + 0 - 9*b**2 + z*b + b**3. Give w(5).
-9
Let h(r) be the first derivative of r**3/3 - 11*r**2/2 + 4*r + 1455. Let o be 3 - -2 - 2/(-1). Calculate h(o).
-24
Let i(v) = v - 12. Let h(s) = -1. Let u(c) = 4*h(c) - i(c). Calculate u(7).
1
Let q(j) be the second derivative of -1/2*j**4 - 4*j + 1/20*j**5 + 0 + 7/6*j**3 - 2*j**2. Suppose -2*b + b + 5 = 0. Calculate q(b).
6
Let j = 7 - 5. Let l(z) be the first derivative of -4*z**3/3 + z**2/2 - 2*z - 1. Give l(j).
-16
Suppose -2*o + 2 = -8. Let r(b) = b**3 - 4*b**2 - 9*b + 11. Let f be r(o). Let y be ((-16)/12)/((-3)/f). Let v(t) = t**3 + 3*t**2 - 4*t + 3. Calculate v(y).
3
Let v(j) = -3*j - 25. Let f be v(-10). Let m(l) = 2*l + 2*l**2 + 6*l + f*l**2 - 9*l**3 + 8*l**3 - 2. Let r be m(8). Let w(s) = -s**3 + s + 1. What is w(r)?
7
Let m(q) = -2*q + 7. Let s(y) = 3*y - 14. Let o = 13 -